{"id":538,"date":"2025-05-19T12:10:54","date_gmt":"2025-05-19T10:10:54","guid":{"rendered":"https:\/\/mlsprestigegroup.com\/?page_id=538"},"modified":"2025-10-14T16:47:52","modified_gmt":"2025-10-14T14:47:52","slug":"pole-entretien-des-espace-interieur-exterieur","status":"publish","type":"page","link":"https:\/\/mlsprestigegroup.com\/?page_id=538","title":{"rendered":"P\u00f4le Entretien des Espace int\u00e9rieur\/ext\u00e9rieur"},"content":{"rendered":"\n<h2 class=\"wp-block-heading\">Entretien des Espaces<\/h2>\n\n\n\n<p class=\"has-ast-global-color-7-color has-text-color has-link-color wp-elements-39a95c751a4d0322d8ccc08230c3192d\">MLS Prestige Group assure la propret\u00e9 et la beaut\u00e9 de vos espaces verts et int\u00e9rieurs gr\u00e2ce \u00e0 des prestations r\u00e9guli\u00e8res et personnalis\u00e9es.<\/p>\n\n\n\n<h3 class=\"wp-block-heading\">Mission principale<\/h3>\n\n\n\n<p class=\"has-ast-global-color-7-color has-text-color has-link-color wp-elements-1e564f41d8de34bf448159c221cba7a1\">Garantir la&nbsp;<strong>propret\u00e9, l\u2019hygi\u00e8ne et le bon fonctionnement<\/strong>&nbsp;des r\u00e9sidences, locaux ou propri\u00e9t\u00e9s de nos clients, avec un niveau de qualit\u00e9 haut de gamme et une approche personnalis\u00e9e.<\/p>\n\n\n\n<hr class=\"wp-block-separator has-alpha-channel-opacity\"\/>\n\n\n\n<h2 class=\"wp-block-heading\">1.&nbsp;<strong>Entretien int\u00e9rieur des propri\u00e9t\u00e9s<\/strong><\/h2>\n\n\n\n<ul class=\"wp-block-list\">\n<li class=\"has-ast-global-color-7-color has-text-color has-link-color wp-elements-131e7495fc21517f40f9bb44de1ae6f6\">M\u00e9nage r\u00e9gulier ou ponctuel (selon fr\u00e9quence d\u00e9finie).<\/li>\n\n\n\n<li class=\"has-ast-global-color-7-color has-text-color has-link-color wp-elements-4344236157ed6a3d99de65bafe012ab4\">Nettoyage approfondi (printemps, avant\/apr\u00e8s s\u00e9jour, pr\u00e9-location).<\/li>\n\n\n\n<li class=\"has-ast-global-color-7-color has-text-color has-link-color wp-elements-44bc4db6fbfedc8c7c5c22b1334df97c\">Entretien du linge (lavage, repassage, rangement, service pressing).<\/li>\n\n\n\n<li class=\"has-ast-global-color-7-color has-text-color has-link-color wp-elements-abc9e1ce0924084618324a0782b2419d\">Gestion de la vaisselle, argenterie et objets de valeur.<\/li>\n\n\n\n<li class=\"has-ast-global-color-7-color has-text-color has-link-color wp-elements-7c26c34c3f1b794ca05a45d6150371bb\">D\u00e9sinfection des pi\u00e8ces (cuisine, salles de bain, chambres).<\/li>\n\n\n\n<li class=\"has-ast-global-color-7-color has-text-color has-link-color wp-elements-e2f9379e1206e45212bb7a0cf61da3d1\">Nettoyage des vitres, baies vitr\u00e9es, v\u00e9randas.<\/li>\n\n\n\n<li class=\"has-ast-global-color-7-color has-text-color has-link-color wp-elements-e648334f65958aa88380ff1885ad2ff8\">Aspiration, d\u00e9poussi\u00e9rage et entretien des sols (carrelage, parquet, moquette, marbre).<\/li>\n\n\n\n<li class=\"has-ast-global-color-7-color has-text-color has-link-color wp-elements-58043f0bac5e6d15f57668e3b9e6580f\">Entretien sp\u00e9cifique des mat\u00e9riaux nobles (bois, cuir, pierre naturelle).<\/li>\n<\/ul>\n\n\n\n<hr class=\"wp-block-separator has-alpha-channel-opacity\"\/>\n\n\n\n<h2 class=\"wp-block-heading\">2.&nbsp;<strong>Entretien ext\u00e9rieur &amp; espaces verts<\/strong><\/h2>\n\n\n\n<ul class=\"wp-block-list\">\n<li class=\"has-ast-global-color-7-color has-text-color has-link-color wp-elements-6033d5792030f05bd50e48073c4dab4d\">Tonte de pelouse et taille de haies.<\/li>\n\n\n\n<li class=\"has-ast-global-color-7-color has-text-color has-link-color wp-elements-5b20b0eb47b2a51cd26bbd6962c77aff\">Entretien des massifs, arrosage et d\u00e9sherbage.<\/li>\n\n\n\n<li class=\"has-ast-global-color-7-color has-text-color has-link-color wp-elements-a5bed57e74376d21ed99440ed1f0b39f\">Taille d\u2019arbustes, \u00e9lagage l\u00e9ger, ramassage de feuilles.<\/li>\n\n\n\n<li class=\"has-ast-global-color-7-color has-text-color has-link-color wp-elements-7a6fb488f240fa40d3e0608de743aa02\">Entretien des terrasses, balcons et mobiliers de jardin.<\/li>\n\n\n\n<li class=\"has-ast-global-color-7-color has-text-color has-link-color wp-elements-cd9eccb138cf708f6583f10a3cf89526\">Nettoyage haute pression (dalles, fa\u00e7ades, murets).<\/li>\n\n\n\n<li class=\"has-ast-global-color-7-color has-text-color has-link-color wp-elements-aef5cb949ff2da6448456b3fc8b186fe\">Pr\u00e9paration saisonni\u00e8re des espaces verts (plantations, hivernage).<\/li>\n<\/ul>\n\n\n\n<hr class=\"wp-block-separator has-alpha-channel-opacity\"\/>\n\n\n\n<h2 class=\"wp-block-heading\">3.&nbsp;<strong>Entretien technique l\u00e9ger<\/strong><\/h2>\n\n\n\n<ul class=\"wp-block-list\">\n<li class=\"has-ast-global-color-7-color has-text-color has-link-color wp-elements-215047698e4cf24ede7035e1f5a9a77e\">Remplacement d\u2019ampoules, fusibles, piles.<\/li>\n\n\n\n<li class=\"has-ast-global-color-7-color has-text-color has-link-color wp-elements-702d3a621f040d0e0239d02830a97ce9\">Petites r\u00e9parations domestiques (poign\u00e9es, serrures, joints).<\/li>\n\n\n\n<li class=\"has-ast-global-color-7-color has-text-color has-link-color wp-elements-305be93e807b31d65a4cae4f4d0d5911\">D\u00e9gorgement simple d\u2019\u00e9viers ou siphons.<\/li>\n\n\n\n<li class=\"has-ast-global-color-7-color has-text-color has-link-color wp-elements-b7fcab9c8a12cc50cfaef3f1ab80c1e4\">Entretien courant des appareils \u00e9lectrom\u00e9nagers (nettoyage filtres, d\u00e9tartrage).<\/li>\n\n\n\n<li class=\"has-ast-global-color-7-color has-text-color has-link-color wp-elements-015303759b4fe261bdf920d9f77b1661\">V\u00e9rification de base des installations (plomberie, \u00e9lectricit\u00e9).<\/li>\n\n\n\n<li class=\"has-ast-global-color-7-color has-text-color has-link-color wp-elements-6f765d96d1099c36f180beef8d44fa5a\">Coordination si besoin avec artisans sp\u00e9cialis\u00e9s (plombiers, \u00e9lectriciens, chauffagistes).<\/li>\n<\/ul>\n\n\n\n<hr class=\"wp-block-separator has-alpha-channel-opacity\"\/>\n\n\n\n<h2 class=\"wp-block-heading\">4.&nbsp;<strong>Entretien sp\u00e9cialis\u00e9<\/strong><\/h2>\n\n\n\n<ul class=\"wp-block-list\">\n<li class=\"has-ast-global-color-7-color has-text-color has-link-color wp-elements-f14f6f4cd49c9171f30b626fc2b0444e\">Nettoyage et entretien de piscines, spas, saunas.<\/li>\n\n\n\n<li class=\"has-ast-global-color-7-color has-text-color has-link-color wp-elements-33d1d9b65740b17c6cff40aa9b438d4e\">Nettoyage de chemin\u00e9es et inserts.<\/li>\n\n\n\n<li class=\"has-ast-global-color-7-color has-text-color has-link-color wp-elements-b80915f8fbacb6ff37d19bff3e48cd7a\">Nettoyage de caves \u00e0 vin, caves ou garages.<\/li>\n\n\n\n<li class=\"has-ast-global-color-7-color has-text-color has-link-color wp-elements-74da5eb33ad17302780ebf45ac98a9e5\">D\u00e9sinsectisation, d\u00e9ratisation ou traitement anti-moisissures (via partenaires agr\u00e9\u00e9s).<\/li>\n\n\n\n<li class=\"has-ast-global-color-7-color has-text-color has-link-color wp-elements-df807becd12a0ccf195b9372951b3fdf\">Entretien des v\u00e9hicules stationn\u00e9s sur la propri\u00e9t\u00e9 (lavage int\u00e9rieur\/ext\u00e9rieur, v\u00e9rification de base).<\/li>\n<\/ul>\n\n\n\n<hr class=\"wp-block-separator has-alpha-channel-opacity\"\/>\n\n\n\n<h2 class=\"wp-block-heading\">5.&nbsp;<strong>Entretien saisonnier<\/strong><\/h2>\n\n\n\n<ul class=\"wp-block-list\">\n<li class=\"has-ast-global-color-7-color has-text-color has-link-color wp-elements-85aff9c89d6755fe9cf138c949df32ec\">Mise en service et hivernage des piscines.<\/li>\n\n\n\n<li class=\"has-ast-global-color-7-color has-text-color has-link-color wp-elements-872ef717464418d7d2bd0e30eda35aaf\">Pr\u00e9paration de la maison avant s\u00e9jours (a\u00e9ration, m\u00e9nage complet, approvisionnement de base).<\/li>\n\n\n\n<li class=\"has-ast-global-color-7-color has-text-color has-link-color wp-elements-afe828d37b357a1c473442f9b94cf5a0\">V\u00e9rification et pr\u00e9paration apr\u00e8s temp\u00eate, pluie ou intemp\u00e9ries.<\/li>\n\n\n\n<li class=\"has-ast-global-color-7-color has-text-color has-link-color wp-elements-8ae00c80649cd33771a29b17758caeec\">Entretien complet avant et apr\u00e8s location saisonni\u00e8re (check-in\/check-out).<\/li>\n<\/ul>\n\n\n\n<hr class=\"wp-block-separator has-alpha-channel-opacity\"\/>\n\n\n\n<h2 class=\"wp-block-heading\">6.&nbsp;<strong>Gestion des d\u00e9chets &amp; recyclage<\/strong><\/h2>\n\n\n\n<ul class=\"wp-block-list\">\n<li class=\"has-ast-global-color-7-color has-text-color has-link-color wp-elements-213638f1b1c3c9b194c89b6307150f51\">Collecte et tri s\u00e9lectif.<\/li>\n\n\n\n<li class=\"has-ast-global-color-7-color has-text-color has-link-color wp-elements-df08996c2e6f8622291d6a3e87746915\">Gestion des encombrants et coordination avec services municipaux.<\/li>\n\n\n\n<li class=\"has-ast-global-color-7-color has-text-color has-link-color wp-elements-18e2e04d74c24034b6a03424ec6ecfee\">Optimisation de la gestion \u00e9cologique et durable (produits \u00e9co-responsables, r\u00e9duction des d\u00e9chets).<\/li>\n<\/ul>\n\n\n\n<hr class=\"wp-block-separator has-alpha-channel-opacity\"\/>\n\n\n\n<h2 class=\"wp-block-heading\">7.&nbsp;<strong>Services compl\u00e9mentaires li\u00e9s \u00e0 l\u2019entretien<\/strong><\/h2>\n\n\n\n<ul class=\"wp-block-list\">\n<li class=\"has-ast-global-color-7-color has-text-color has-link-color wp-elements-b56668d9b90987f10303a9153bbf4033\">Organisation et supervision des grands nettoyages annuels.<\/li>\n\n\n\n<li class=\"has-ast-global-color-7-color has-text-color has-link-color wp-elements-a4976b863ce1a3c418c827091fe6408a\">Coordination de prestations de r\u00e9novation l\u00e9g\u00e8re (peinture, rev\u00eatements).<\/li>\n\n\n\n<li class=\"has-ast-global-color-7-color has-text-color has-link-color wp-elements-5e6c09088670ad25ba8ba0c22a77785d\">Gestion et suivi du personnel de maison d\u00e9di\u00e9 \u00e0 l\u2019entretien.<\/li>\n\n\n\n<li class=\"has-ast-global-color-7-color has-text-color has-link-color wp-elements-647857a7760ade971d004b5f0f308758\">Contr\u00f4le qualit\u00e9 apr\u00e8s chaque prestation avec reporting au client.<\/li>\n<\/ul>\n\n\n\n<hr class=\"wp-block-separator has-alpha-channel-opacity\"\/>\n\n\n\n<h1 class=\"wp-block-heading\"> Valeurs ajout\u00e9es du P\u00f4le Entretien<\/h1>\n\n\n\n<p class=\"has-ast-global-color-7-color has-text-color has-link-color wp-elements-04b486a3b5237a21961d9f7519a7a815\"><strong>Tranquillit\u00e9 d\u2019esprit<\/strong>&nbsp;pour le client, qui confie son bien en toute confiance.s pour un cadre de vie toujours agr\u00e9able et soign\u00e9.<\/p>\n\n\n\n<p class=\"has-ast-global-color-7-color has-text-color has-link-color wp-elements-8bf0ceea33d7bbc156fc8cb60f37c835\"><strong>Prestations haut de gamme<\/strong>&nbsp;adapt\u00e9es \u00e0 chaque propri\u00e9t\u00e9.<\/p>\n\n\n\n<p class=\"has-ast-global-color-7-color has-text-color has-link-color wp-elements-c71439fc03db8660f2742182cd6791dc\"><strong>Souplesse<\/strong>&nbsp;: interventions ponctuelles, r\u00e9guli\u00e8res ou urgentes.<\/p>\n\n\n\n<p class=\"has-ast-global-color-7-color has-text-color has-link-color wp-elements-ec4e8470a413004538b7545418386130\"><strong>Respect des mat\u00e9riaux &amp; de l\u2019environnement<\/strong>&nbsp;(produits professionnels, \u00e9co-responsables).<\/p>\n\n\n\n<p class=\"has-ast-global-color-7-color has-text-color has-link-color wp-elements-6ed6b0298d906e85267fe88e5c3fdb6e\"><strong>Supervision compl\u00e8te<\/strong>&nbsp;: un interlocuteur unique qui coordonne tout.<\/p>\n\n\n\n<p>Contactez-nous d\u00e8s maintenant :<br><a href=\"https:\/\/mlsprestigegroup.com\/?page_id=306\">Contact<\/a><\/p>\n","protected":false},"excerpt":{"rendered":"<p>Entretien des Espaces MLS Prestige Group assure la propret\u00e9 et la beaut\u00e9 de vos espaces verts et int\u00e9rieurs gr\u00e2ce \u00e0 des prestations r\u00e9guli\u00e8res et personnalis\u00e9es. Mission principale Garantir la&nbsp;propret\u00e9, l\u2019hygi\u00e8ne et le bon fonctionnement&nbsp;des r\u00e9sidences, locaux ou propri\u00e9t\u00e9s de nos clients, avec un niveau de qualit\u00e9 haut de gamme et une approche personnalis\u00e9e. 1.&nbsp;Entretien int\u00e9rieur [&hellip;]<\/p>\n","protected":false},"author":1,"featured_media":0,"parent":0,"menu_order":0,"comment_status":"closed","ping_status":"closed","template":"","meta":{"site-sidebar-layout":"default","site-content-layout":"","ast-site-content-layout":"default","site-content-style":"default","site-sidebar-style":"default","ast-global-header-display":"","ast-banner-title-visibility":"","ast-main-header-display":"","ast-hfb-above-header-display":"","ast-hfb-below-header-display":"","ast-hfb-mobile-header-display":"","site-post-title":"disabled","ast-breadcrumbs-content":"","ast-featured-img":"","footer-sml-layout":"","ast-disable-related-posts":"","theme-transparent-header-meta":"","adv-header-id-meta":"","stick-header-meta":"","header-above-stick-meta":"","header-main-stick-meta":"","header-below-stick-meta":"","astra-migrate-meta-layouts":"default","ast-page-background-enabled":"default","ast-page-background-meta":{"desktop":{"background-color":"var(--ast-global-color-5)","background-image":"","background-repeat":"repeat","background-position":"center center","background-size":"auto","background-attachment":"scroll","background-type":"","background-media":"","overlay-type":"","overlay-color":"","overlay-opacity":"","overlay-gradient":""},"tablet":{"background-color":"","background-image":"","background-repeat":"repeat","background-position":"center center","background-size":"auto","background-attachment":"scroll","background-type":"","background-media":"","overlay-type":"","overlay-color":"","overlay-opacity":"","overlay-gradient":""},"mobile":{"background-color":"","background-image":"","background-repeat":"repeat","background-position":"center center","background-size":"auto","background-attachment":"scroll","background-type":"","background-media":"","overlay-type":"","overlay-color":"","overlay-opacity":"","overlay-gradient":""}},"ast-content-background-meta":{"desktop":{"background-color":"var(--ast-global-color-4)","background-image":"","background-repeat":"repeat","background-position":"center center","background-size":"auto","background-attachment":"scroll","background-type":"","background-media":"","overlay-type":"","overlay-color":"","overlay-opacity":"","overlay-gradient":""},"tablet":{"background-color":"var(--ast-global-color-4)","background-image":"","background-repeat":"repeat","background-position":"center center","background-size":"auto","background-attachment":"scroll","background-type":"","background-media":"","overlay-type":"","overlay-color":"","overlay-opacity":"","overlay-gradient":""},"mobile":{"background-color":"var(--ast-global-color-4)","background-image":"","background-repeat":"repeat","background-position":"center center","background-size":"auto","background-attachment":"scroll","background-type":"","background-media":"","overlay-type":"","overlay-color":"","overlay-opacity":"","overlay-gradient":""}},"footnotes":""},"class_list":["post-538","page","type-page","status-publish","hentry"],"jetpack_sharing_enabled":true,"_links":{"self":[{"href":"https:\/\/mlsprestigegroup.com\/index.php?rest_route=\/wp\/v2\/pages\/538","targetHints":{"allow":["GET"]}}],"collection":[{"href":"https:\/\/mlsprestigegroup.com\/index.php?rest_route=\/wp\/v2\/pages"}],"about":[{"href":"https:\/\/mlsprestigegroup.com\/index.php?rest_route=\/wp\/v2\/types\/page"}],"author":[{"embeddable":true,"href":"https:\/\/mlsprestigegroup.com\/index.php?rest_route=\/wp\/v2\/users\/1"}],"replies":[{"embeddable":true,"href":"https:\/\/mlsprestigegroup.com\/index.php?rest_route=%2Fwp%2Fv2%2Fcomments&post=538"}],"version-history":[{"count":3,"href":"https:\/\/mlsprestigegroup.com\/index.php?rest_route=\/wp\/v2\/pages\/538\/revisions"}],"predecessor-version":[{"id":835,"href":"https:\/\/mlsprestigegroup.com\/index.php?rest_route=\/wp\/v2\/pages\/538\/revisions\/835"}],"wp:attachment":[{"href":"https:\/\/mlsprestigegroup.com\/index.php?rest_route=%2Fwp%2Fv2%2Fmedia&parent=538"}],"curies":[{"name":"wp","href":"https:\/\/api.w.org\/{rel}","templated":true}]}}